- 2349. Determine x(-13).
4
Let p(z) = 8*z**3 - 4*z**2 - 5*z - 6. Determine p(-1).
-13
Let j(g) = g**3 + 8*g**2 - 3*g + 22. Determine j(-8).
46
Let p(m) = 4*m**2 + 80*m + 193. Calculate p(-17).
-11
Let d(x) = -3*x**3 - x**2 - 22*x - 1. Give d(0).
-1
Let g(v) = 87*v**2 - 5*v + 4. What is g(1)?
86
Let c(n) = n**2 + 7694*n + 229929. Calculate c(-30).
9
Let t(z) = 189*z + 19. Give t(1).
208
Let h(g) = 22*g - 1246. Give h(67).
228
Let m(s) = 31*s + 203. What is m(-10)?
-107
Let i(p) = -p**3 + 38*p**2 - 348*p - 8. Calculate i(20).
232
Let c(w) = -24933*w - 74802. Determine c(-3).
-3
Let d(s) = 2*s + 171. Calculate d(-54).
63
Let f(o) = -2*o**3 + 12*o**2 - 3*o - 57. Calculate f(8).
-337
Let w(r) = -r**3 - 24*r**2 + 62*r - 593. Give w(-27).
-80
Let s(z) = 6*z**2 - 84*z + 192. What is s(11)?
-6
Let q(s) = -s**3 + 126*s**2 + 2278*s + 9. Calculate q(-16).
-87
Let a(b) = 5*b**2 + 13*b - 65. Calculate a(-5).
-5
Let z(b) = 489*b + 10756. Determine z(-22).
-2
Let w(u) = 3*u**2 - 12*u + 26. Give w(4).
26
Let w(p) = 854*p + 12805. What is w(-15)?
-5
Let l(n) = -2*n**2 + 724*n - 18043. Calculate l(27).
47
Let g(b) = -b**3 - 21*b**2 + 283*b + 1473. What is g(-29)?
-6
Let u(d) = d**2 - 14*d - 37. Give u(-4).
35
Let b(r) = -r**3 + 20*r**2 - 17*r + 6. Give b(19).
44
Let a(u) = -553*u + 17147. What is a(31)?
4
Let b(t) = 1499*t - 7481. Give b(5).
14
Let o(q) = -910*q**2 + 7280*q - 1. Determine o(8).
-1
Let a(z) = -z**2 + 12*z + 111. Give a(-8).
-49
Let c(d) = d**3 - 25*d**2 - 29*d + 125. Give c(26).
47
Let q(y) = -10*y + 35. Give q(15).
-115
Let d(g) = -27*g - 792. What is d(-29)?
-9
Let d(a) = -18*a - 84. Give d(-1).
-66
Let i(v) = v**2 - 3*v - 18. Determine i(5).
-8
Let d(r) = -57*r - 1274. Give d(-25).
151
Let k(z) = -z**3 + 46*z**2 - 515*z + 4. Determine k(19).
-34
Let s(r) = 2*r**3 + 15*r**2 + 24*r - 1. Give s(-8).
-257
Let j(i) = 12*i**2 - 3*i + 55. Calculate j(-6).
505
Let d(p) = 22*p - 22. Give d(-4).
-110
Let q(w) = -w**3 - w**2 + 6*w + 12. Give q(-2).
4
Let w(a) = a**3 - 95*a**2 + 160*a - 6200. Determine w(94).
4
Let q(l) = -6*l**2 + 157*l - 552. Determine q(22).
-2
Let i(v) = v**2 + 653*v + 16308. Give i(-26).
6
Let t(i) = 2*i**2 - 105*i - 332. Calculate t(-3).
1
Let k(p) = 3*p**2 - 217*p + 1253. What is k(66)?
-1
Let u(g) = g**2 - g - 857. Determine u(-28).
-45
Let v(m) = m**3 - 59*m**2 + 237*m - 784. Give v(55).
151
Let h(c) = -16045*c - 112291. Calculate h(-7).
24
Let c(o) = 3*o**2 + 55*o - 5. What is c(-18)?
-23
Let c(i) = -i**3 + 18*i**2 - 4*i + 40. Determine c(18).
-32
Let s(r) = 6*r + 8. What is s(4)?
32
Let f(l) = 10*l - 10. Calculate f(-29).
-300
Let g(c) = -9*c - 449. What is g(-48)?
-17
Let q(x) = -743*x + 6683. Give q(9).
-4
Let v(j) = -37*j + 1108. Give v(30).
-2
Let p(u) = -2*u**2 + 124*u - 1339. Calculate p(48).
5
Let l(v) = -3*v**3 + 82*v**2 + 33*v + 21. Determine l(28).
-623
Let t(f) = -3*f**3 - 11*f**2 - 12*f + 24. Determine t(-5).
184
Let r(l) = -46*l + 439. Give r(10).
-21
Let f(k) = -k**3 - 26*k**2 - 153*k + 6. Determine f(-17).
6
Let o(x) = -x**2 + 1386*x + 12551. Determine o(-9).
-4
Let y(l) = l**3 + 3*l**2 - 8*l - 16. Calculate y(-3).
8
Let m(p) = 2*p**3 + 13*p**2 - 24*p - 99. Give m(-6).
81
Let r(g) = -g**3 + 52*g**2 + 61*g - 391. Determine r(53).
33
Let r(k) = 6*k**3 + 96*k**2 + 15*k + 246. Determine r(-16).
6
Let u(v) = -5*v**2 + 120*v - 597. What is u(5)?
-122
Let i(x) = x**3 - 4*x**2 - 82*x - 65. What is i(13)?
390
Let w(n) = -n**2 - 313*n - 4204. What is w(-14)?
-18
Let c(m) = -5*m**2 - 125*m - 716. What is c(-6)?
-146
Let z(y) = -242*y + 248. Calculate z(2).
-236
Let q(a) = a**2 - 106*a - 129. Determine q(107).
-22
Let o(g) = 29*g + 309. What is o(-12)?
-39
Let f(z) = 3*z**2 - 450*z - 5304. Give f(-11).
9
Let f(n) = -n**3 + 6*n**2 + n - 29. Calculate f(7).
-71
Let s(m) = 2*m**2 - 6*m + 37. Calculate s(4).
45
Let o(z) = -z**3 - 12*z**2 + 38*z + 173. Determine o(-14).
33
Let z(j) = -2*j**3 + 62*j**2 + 65*j - 53. What is z(32)?
-21
Let x(r) = 41*r + 232. What is x(-11)?
-219
Let f(b) = -51*b + 1949. Determine f(37).
62
Let l(i) = 243*i - 994. Calculate l(4).
-22
Let y(g) = -11*g + 264. Determine y(21).
33
Let a(q) = 2*q**2 - 624*q - 5071. What is a(-8)?
49
Let q(o) = o**2 - 383*o - 386. Calculate q(-1).
-2
Let o(x) = -5*x**3 - 2*x**2 + 5*x + 10. Determine o(-3).
112
Let o(i) = 8*i**2 - 36*i + 154. Calculate o(5).
174
Let q(n) = -25*n**3 + 6*n + 6. Determine q(-1).
25
Let u(i) = -3*i**2 - 30*i + 262. Calculate u(6).
-26
Let m(q) = -q**3 - 9*q**2 - 23*q - 45. Give m(-6).
-15
Let s(h) = h**3 - 15*h**2 - 11*h - 4. What is s(16)?
76
Let o(y) = -8*y**2 + 246*y + 77. Calculate o(31).
15
Let q(p) = -59*p**2 + 888*p + 4. Determine q(15).
49
Let c(h) = 346*h - 7260. Determine c(21).
6
Let p(c) = -c**2 - 56*c + 713. Give p(12).
-103
Let m(l) = 2*l**2 + 148*l - 467. Give m(-77).
-5
Let s(c) = -5*c - 3. What is s(-9)?
42
Let g(w) = -34*w - 5946. Calculate g(-175).
4
Let d(s) = -323*s - 2. What is d(0)?
-2
Let a(b) = -8*b**3 + 122*b**2 - 30*b - 8. Calculate a(15).
-8
Let m(v) = -v**3 - 18*v**2 + 13*v + 30. Calculate m(-19).
144
Let l(c) = c**2 + 79*c - 2878. Give l(27).
-16
Let j(k) = 24*k - 2063. Calculate j(88).
49
Let r(s) = 49*s - 409. What is r(8)?
-17
Let d(h) = -h - 11. Calculate d(-5).
-6
Let y(w) = -w + 252. Calculate y(-42).
294
Let u(m) = -m**2 - 48*m - 51. Calculate u(-42).
201
Let f(u) = 2*u**2 - 332*u - 1655. Calculate f(-5).
55
Let z(v) = 26*v + 449. Calculate z(-17).
7
Let v(m) = -11*m**3 - 42*m**2 + 19*m + 11. What is v(-6)?
761
Let w(a) = 18*a**3 - 361*a**2 + 19*a + 13. What is w(20)?
-7
Let x(h) = -24*h + 215. Determine x(18).
-217
Let u(n) = -2*n**3 + 12*n**2 + n + 13. Calculate u(7).
-78
Let r(a) = a**3 - 6*a**2 - 58*a - 133. What is r(11)?
-166
Let s(t) = -335*t - 13054. Give s(-39).
11
Let x(q) = 27*q - 59. What is x(3)?
22
Let f(z) = 7*z**2 - 91*z - 986. Calculate f(-9).
400
Let j(c) = -c**2 - 15*c + 621. Give j(20).
-79
Let s(x) = 42*x - 311. Give s(7).
-17
Let k(q) = -159*q + 5718. Determine k(36).
-6
Let j(u) = -19*u - 519. What is j(-28)?
13
Let a(l) = -l**3 + 7*l**2 + 2*l + 48. What is a(8)?
0
Let o(u) = -63*u + 408. Determine o(5).
93
Let n(k) = 2*k**3 + 6*k**2 + 141*k + 805. Determine n(-5).
0
Let r(z) = -6*z**2 - 123*z - 183. Determine r(-19).
-12
Let g(p) = p**2 + 60*p + 451. Calculate g(-10).
-49
Let j(d) = -11*d**2 - 252*d + 24. Give j(-23).
1
Let z(i) = i**3 + 7*i**2 + 17*i - 13. Calculate z(-5).
-48
Let p(m) = -14*m**2 + 172*m + 342. What is p(14)?
6
Let u(x) = -4*x**2 + 9*x + 1. Give u(3).
-8
Let g(l) = -8*l**3 - 77*l**2 + 33*l + 26. What is g(-10)?
-4
Let t(a) = -87*a - 2452. Calculate t(-28).
-16
Let v(p) = -18*p**2 - 199*p - 318. Determine v(-2).
8
Let a(r) = -2*r**3 - 13*r**2 - 11*r - 30. Give a(-6).
0
Let s(x) = 133*x + 2929. Calculate s(-22).
3
Let i(o) = -99*o - 6188. Calculate i(-62).
-50
Let i(r) = r**2 + 170*r + 7195. Give i(-89).
-14
Let u(p) = -p + 137. Give u(-7).
144
Let h(v) = 1945*v + 3887. What is h(-2)?
-3
Let i(m) = -m**2 + 58*m + 404. Calculate i(-6).
20
Let o(r) = r**3 - 11*r**2 - 168*r + 1777. Calculate o(10).
-3
Let j(y) = 44*y + 215. Give j(-6).
-49
Let c(z) = -4*z**3 - 11*z**2 - 3*z + 3. Calculate c(2).
-79
Let l(v) = 159*v - 1559. Calculate l(11).
190
Let g(h) = -77*h + 46. Determine g(1).
-31
Let x(g) = -281*g - 1433. Determine x(-5).
-28
Let r(w) = -w**3 - 4*w**2 + 25*w + 108. Calculate r(-5).
8
Let f(k) = 12*k - 386. What is f(33)?
10
Let q(z) = z**3 - 2*z**2 - 18*z + 40. What is q(3)?
-5
Let o(q) = -2*q**3 - 114*q**2 - 1357*q + 128. What is o(-40)?
8
Let r(g) = 287*g - 2100. Give r(8).
196
Let n(b) = b**3 + 3*b**2 + 5*b + 67. Give n(-5).
-8
Let y(x) = x**3 - 57*x**2 + 91*x - 2047. Calculate y(56).
-87
Let f(w) = -2*w**2 + 43*w - 112. Give f(20).
-52
Let f(j) = -1157*j + 9253. Give f(8).
-3
Let s(w) = -215*w + 2162. Calculate s(10).
12
Let s(x) = -2*x**2 + 94*x - 1084. Give s(19).
-20
Let w(a) = -a**3 - 11*a**2 - 24*a - 146. What is w(-10)?
-6
Let a(w) = w**3 - 96*w**2 - 91*w - 621. Determine a(97).
-39
Let v(t) = -47*t + 843. What is v(19)?
-50
Let d(p) = 18*p**2 + 220*p + 855. Determine d(-4).
263
Let q(p) = p**3 - 19*p**2 - 96*p + 63. Give q(23).
-29
Let f(o) = -7*o**2 - 116*o + 129. Calculate f(-18).
-51
Let b(d) = 22*d + 963. Give b(-43).
17
Let x(w) = -8*w**2 - 160